{"id":48484,"date":"2023-12-20T19:57:14","date_gmt":"2023-12-20T16:57:14","guid":{"rendered":"http:\/\/zenar.com.tr\/?page_id=48484"},"modified":"2024-01-11T10:06:47","modified_gmt":"2024-01-11T07:06:47","slug":"haberler","status":"publish","type":"page","link":"https:\/\/zenar.com.tr\/index.php\/haberler\/","title":{"rendered":"Haberler"},"content":{"rendered":"\t\t<div data-elementor-type=\"wp-page\" data-elementor-id=\"48484\" class=\"elementor elementor-48484\" data-elementor-post-type=\"page\">\n\t\t\t\t\t\t\t\t\t<section class=\"elementor-section elementor-top-section elementor-element elementor-element-9e3f394 elementor-section-stretched elementor-section-full_width elementor-section-height-default elementor-section-height-default tm-col-stretched-none tm-bg-color-over-image\" data-id=\"9e3f394\" data-element_type=\"section\" data-settings=\"{&quot;stretch_section&quot;:&quot;section-stretched&quot;,&quot;background_background&quot;:&quot;classic&quot;}\">\n\t\t\t\t\t\t\t<div class=\"elementor-background-overlay\"><\/div>\n\t\t\t\t\t\t\t<div class=\"elementor-container elementor-column-gap-extended\">\n\t\t\t\t\t<div class=\"elementor-column elementor-col-100 elementor-top-column elementor-element elementor-element-d184a7c tm-bg-color-over-image\" data-id=\"d184a7c\" data-element_type=\"column\">\n\t\t\t<div class=\"elementor-widget-wrap elementor-element-populated\">\n\t\t\t\t\t\t\t\t<section class=\"elementor-section elementor-inner-section elementor-element elementor-element-b2398df elementor-section-boxed elementor-section-height-default elementor-section-height-default tm-col-stretched-none tm-bg-color-over-image\" data-id=\"b2398df\" data-element_type=\"section\">\n\t\t\t\t\t\t<div class=\"elementor-container elementor-column-gap-default\">\n\t\t\t\t\t<div class=\"elementor-column elementor-col-33 elementor-inner-column elementor-element elementor-element-9bfcbbf tm-bg-color-over-image\" data-id=\"9bfcbbf\" data-element_type=\"column\">\n\t\t\t<div class=\"elementor-widget-wrap\">\n\t\t\t\t\t\t\t\t\t<\/div>\n\t\t<\/div>\n\t\t\t\t<div class=\"elementor-column elementor-col-33 elementor-inner-column elementor-element elementor-element-5a2d52e tm-bg-color-over-image\" data-id=\"5a2d52e\" data-element_type=\"column\">\n\t\t\t<div class=\"elementor-widget-wrap elementor-element-populated\">\n\t\t\t\t\t\t\t\t<div class=\"elementor-element elementor-element-346149e horizontal-line-align-left vertical-line-align-bottom elementor-widget elementor-widget-tm-ele-section-title\" data-id=\"346149e\" data-element_type=\"widget\" data-widget_type=\"tm-ele-section-title.default\">\n\t\t\t\t<div class=\"elementor-widget-container\">\n\t\t\t<div class=\"tm-sc-section-title section-title line-right-current-theme \">\r\n\t<div class=\"title-wrapper\">\r\n\t\t\t\t\t\t<h6 class=\"subtitle \">\r\n\r\n\t\t\r\n\t\tZENAR\t<\/h6>\r\n\t\t\t\t<h2 class=\"title \">\r\n\r\n\t\t\r\n\t\t\t\t<span class=\"title-part1 \">Haberler<\/span>\r\n\t\t\t\t\r\n\t\t\r\n\t<\/h2>\r\n\t<div class=\"title-seperator-line\"><\/div>\t\t\t\t\t\t<\/div>\r\n<\/div>\t\t<\/div>\n\t\t\t\t<\/div>\n\t\t\t\t\t<\/div>\n\t\t<\/div>\n\t\t\t\t<div class=\"elementor-column elementor-col-33 elementor-inner-column elementor-element elementor-element-01e3bcd tm-bg-color-over-image\" data-id=\"01e3bcd\" data-element_type=\"column\">\n\t\t\t<div class=\"elementor-widget-wrap\">\n\t\t\t\t\t\t\t\t\t<\/div>\n\t\t<\/div>\n\t\t\t\t\t\t\t<\/div>\n\t\t<\/section>\n\t\t\t\t<div class=\"elementor-element elementor-element-d997b5d elementor-widget elementor-widget-tm-ele-blog\" data-id=\"d997b5d\" data-element_type=\"widget\" data-widget_type=\"tm-ele-blog.skin-style5\">\n\t\t\t\t<div class=\"elementor-widget-container\">\n\t\t\t\t<div class=\"tm-sc-blog tm-sc-blog-grid \">\r\n\t\t\r\n\t\r\n\t\t<!-- Isotope Gallery Grid -->\r\n\t\t<div id=\"blog-holder-723731\" class=\"isotope-layout grid-5 gutter-15 clearfix\">\r\n\t\t\t<div class=\"isotope-layout-inner\">\r\n\r\n\t\t\t\t<!-- the loop -->\r\n\t\t\t\t\t\t\t\t\t\t\t\t<div class=\"isotope-item genel\">\r\n\t\t\t\t\t<div class=\"isotope-item-inner\">\r\n\t\t\t\t\t\t<article class=\"post-48722 post type-post status-publish format-standard has-post-thumbnail hentry category-genel\">\r\n\t<div class=\"blog-skin-style5\">\r\n\t\t\t<div class=\"entry-header\">\r\n\t\t\t<div class=\"post-thumb lightgallery-lightbox\">\r\n\t\t\t\t<div class=\"post-thumb-inner\">\r\n\t\t\t\t\t<div class=\"thumb\">\r\n\t\t\t\t\t\t<div class=\"post-thumb lightgallery-lightbox\">\r\n\r\n\t<div class=\"post-thumb-inner\">\r\n\t\t<div class=\"thumb\">\r\n\t\t\t<img fetchpriority=\"high\" decoding=\"async\" src=\"https:\/\/zenar.com.tr\/wp-content\/uploads\/2022\/12\/bg13-672x448.jpg\" width=\"672\" height=\"448\" alt=\"\u00d6l\u00e7ek Geli\u015ftirme\"\/>\r\n\t\t<\/div>\r\n\t<\/div>\r\n\t<\/div>\t\t\t\t\t\t\t\t\t\t\t<\/div>\r\n\t\t\t\t<\/div>\r\n\t\t\t<\/div>\r\n\t\t<\/div>\r\n\t\t<div class=\"entry-content\">\r\n\t\t\t\t\t<h4 class=\"entry-title\"><a href=\"https:\/\/zenar.com.tr\/index.php\/2024\/01\/10\/olcek-gelistirme\/\" rel=\"bookmark\">\u00d6l\u00e7ek Geli\u015ftirme<\/a><\/h4>\t\t\r\n\t\t\r\n\t\t\t\t\t<div class=\"post-excerpt\">\r\n\t\t\t\t\t\t\t\t\t<div class=\"mascot-post-excerpt\">Ge\u00e7erli ve g\u00fcvenilir bilgi g\u00fc\u00e7t\u00fcr. G\u00fcn\u00fcm\u00fczde, do\u011fru bilgiye ula\u015fmada ge\u00e7erlilik ve g\u00fcvenilirlik analizleri tek ba\u015f\u0131na yeterli olmamaktad\u0131r; ileri<\/div>\t\t\t\t\t\t\t<\/div>\r\n\t\t\t\t\t\t\t<div class=\"btn-view-details post-btn-readmore \">\r\n    <a href=\"https:\/\/zenar.com.tr\/index.php\/2024\/01\/10\/olcek-gelistirme\/\"\r\n      class=\"btn btn-plain-text-with-arrow\">\r\n      Devam\u0131n\u0131 Okuyun    <\/a>\r\n<\/div>\t\t\t\t<div class=\"clearfix\"><\/div>\r\n\t<\/div>\r\n<\/div>\r\n<\/article>\t\t\t\t\t<\/div>\r\n\t\t\t\t<\/div>\r\n\t\t\t\t\t\t\t\t\t\t\t\t<div class=\"isotope-item genel\">\r\n\t\t\t\t\t<div class=\"isotope-item-inner\">\r\n\t\t\t\t\t\t<article class=\"post-48711 post type-post status-publish format-standard has-post-thumbnail hentry category-genel\">\r\n\t<div class=\"blog-skin-style5\">\r\n\t\t\t<div class=\"entry-header\">\r\n\t\t\t<div class=\"post-thumb lightgallery-lightbox\">\r\n\t\t\t\t<div class=\"post-thumb-inner\">\r\n\t\t\t\t\t<div class=\"thumb\">\r\n\t\t\t\t\t\t<div class=\"post-thumb lightgallery-lightbox\">\r\n\r\n\t<div class=\"post-thumb-inner\">\r\n\t\t<div class=\"thumb\">\r\n\t\t\t<img decoding=\"async\" src=\"https:\/\/zenar.com.tr\/wp-content\/uploads\/2023\/01\/bg24-672x448.jpg\" width=\"672\" height=\"448\" alt=\"Dan\u0131\u015fmanl\u0131k faaliyetleri i\u00e7in g\u00fc\u00e7l\u00fc ekibimiz ile hizmetinizdeyiz&#8230;\"\/>\r\n\t\t<\/div>\r\n\t<\/div>\r\n\t<\/div>\t\t\t\t\t\t\t\t\t\t\t<\/div>\r\n\t\t\t\t<\/div>\r\n\t\t\t<\/div>\r\n\t\t<\/div>\r\n\t\t<div class=\"entry-content\">\r\n\t\t\t\t\t<h4 class=\"entry-title\"><a href=\"https:\/\/zenar.com.tr\/index.php\/2024\/01\/10\/danismanlik-faaliyetleri-icin-guclu-ekibimiz-ile-hizmetinizdeyiz\/\" rel=\"bookmark\">Dan\u0131\u015fmanl\u0131k faaliyetleri i\u00e7in g\u00fc\u00e7l\u00fc ekibimiz ile hizmetinizdeyiz&#8230;<\/a><\/h4>\t\t\r\n\t\t\r\n\t\t\t\t\t<div class=\"post-excerpt\">\r\n\t\t\t\t\t\t\t\t\t<div class=\"mascot-post-excerpt\">Dan\u0131\u015fmanl\u0131k ihtiya\u00e7lar\u0131n\u0131z\u0131 birlikte belirlemek ve \u00e7\u00f6z\u00fcmler geli\u015ftirebilmek i\u00e7in bilimsel bak\u0131\u015f odakl\u0131 donan\u0131ml\u0131 ve yenilik\u00e7i ekibimiz ile hizmet sunmaktay\u0131z\u2026<\/div>\t\t\t\t\t\t\t<\/div>\r\n\t\t\t\t\t\t\t<div class=\"btn-view-details post-btn-readmore \">\r\n    <a href=\"https:\/\/zenar.com.tr\/index.php\/2024\/01\/10\/danismanlik-faaliyetleri-icin-guclu-ekibimiz-ile-hizmetinizdeyiz\/\"\r\n      class=\"btn btn-plain-text-with-arrow\">\r\n      Devam\u0131n\u0131 Okuyun    <\/a>\r\n<\/div>\t\t\t\t<div class=\"clearfix\"><\/div>\r\n\t<\/div>\r\n<\/div>\r\n<\/article>\t\t\t\t\t<\/div>\r\n\t\t\t\t<\/div>\r\n\t\t\t\t\t\t\t\t\t\t\t\t<div class=\"isotope-item genel\">\r\n\t\t\t\t\t<div class=\"isotope-item-inner\">\r\n\t\t\t\t\t\t<article class=\"post-48316 post type-post status-publish format-standard has-post-thumbnail hentry category-genel\">\r\n\t<div class=\"blog-skin-style5\">\r\n\t\t\t<div class=\"entry-header\">\r\n\t\t\t<div class=\"post-thumb lightgallery-lightbox\">\r\n\t\t\t\t<div class=\"post-thumb-inner\">\r\n\t\t\t\t\t<div class=\"thumb\">\r\n\t\t\t\t\t\t<div class=\"post-thumb lightgallery-lightbox\">\r\n\r\n\t<div class=\"post-thumb-inner\">\r\n\t\t<div class=\"thumb\">\r\n\t\t\t<img decoding=\"async\" src=\"https:\/\/zenar.com.tr\/wp-content\/uploads\/2023\/01\/bg22-672x448.jpg\" width=\"672\" height=\"448\" alt=\"Gen\u00e7lik Ara\u015ft\u0131rmalar\u0131\"\/>\r\n\t\t<\/div>\r\n\t<\/div>\r\n\t<\/div>\t\t\t\t\t\t\t\t\t\t\t<\/div>\r\n\t\t\t\t<\/div>\r\n\t\t\t<\/div>\r\n\t\t<\/div>\r\n\t\t<div class=\"entry-content\">\r\n\t\t\t\t\t<h4 class=\"entry-title\"><a href=\"https:\/\/zenar.com.tr\/index.php\/2023\/12\/20\/genclik-arastirmalari\/\" rel=\"bookmark\">Gen\u00e7lik Ara\u015ft\u0131rmalar\u0131<\/a><\/h4>\t\t\r\n\t\t\r\n\t\t\t\t\t<div class=\"post-excerpt\">\r\n\t\t\t\t\t\t\t\t\t<div class=\"mascot-post-excerpt\">Gen\u00e7lik ara\u015ft\u0131rmalar\u0131, gen\u00e7 neslin (genellikle belirli bir ya\u015f aral\u0131\u011f\u0131ndaki bireylerin) ya\u015fam deneyimleri, davran\u0131\u015flar\u0131, de\u011ferleri ve sosyal etkile\u015fimleri \u00fczerine<\/div>\t\t\t\t\t\t\t<\/div>\r\n\t\t\t\t\t\t\t<div class=\"btn-view-details post-btn-readmore \">\r\n    <a href=\"https:\/\/zenar.com.tr\/index.php\/2023\/12\/20\/genclik-arastirmalari\/\"\r\n      class=\"btn btn-plain-text-with-arrow\">\r\n      Devam\u0131n\u0131 Okuyun    <\/a>\r\n<\/div>\t\t\t\t<div class=\"clearfix\"><\/div>\r\n\t<\/div>\r\n<\/div>\r\n<\/article>\t\t\t\t\t<\/div>\r\n\t\t\t\t<\/div>\r\n\t\t\t\t\t\t\t\t\t\t\t\t<div class=\"isotope-item genel\">\r\n\t\t\t\t\t<div class=\"isotope-item-inner\">\r\n\t\t\t\t\t\t<article class=\"post-48314 post type-post status-publish format-standard has-post-thumbnail hentry category-genel\">\r\n\t<div class=\"blog-skin-style5\">\r\n\t\t\t<div class=\"entry-header\">\r\n\t\t\t<div class=\"post-thumb lightgallery-lightbox\">\r\n\t\t\t\t<div class=\"post-thumb-inner\">\r\n\t\t\t\t\t<div class=\"thumb\">\r\n\t\t\t\t\t\t<div class=\"post-thumb lightgallery-lightbox\">\r\n\r\n\t<div class=\"post-thumb-inner\">\r\n\t\t<div class=\"thumb\">\r\n\t\t\t<img loading=\"lazy\" decoding=\"async\" src=\"https:\/\/zenar.com.tr\/wp-content\/uploads\/2023\/01\/bg25-672x448.jpg\" width=\"672\" height=\"448\" alt=\"Kamuoyu Ara\u015ft\u0131rmalar\u0131\"\/>\r\n\t\t<\/div>\r\n\t<\/div>\r\n\t<\/div>\t\t\t\t\t\t\t\t\t\t\t<\/div>\r\n\t\t\t\t<\/div>\r\n\t\t\t<\/div>\r\n\t\t<\/div>\r\n\t\t<div class=\"entry-content\">\r\n\t\t\t\t\t<h4 class=\"entry-title\"><a href=\"https:\/\/zenar.com.tr\/index.php\/2023\/12\/20\/kamuoyu-arastirmalari\/\" rel=\"bookmark\">Kamuoyu Ara\u015ft\u0131rmalar\u0131<\/a><\/h4>\t\t\r\n\t\t\r\n\t\t\t\t\t<div class=\"post-excerpt\">\r\n\t\t\t\t\t\t\t\t\t<div class=\"mascot-post-excerpt\">&#8220;Kamuoyu Ara\u015ft\u0131rmalar\u0131&#8221; genellikle bir konu, sorun veya toplumsal mesele hakk\u0131nda halk\u0131n d\u00fc\u015f\u00fcnce, g\u00f6r\u00fc\u015f ve tutumlar\u0131n\u0131 anlamak amac\u0131yla yap\u0131lan<\/div>\t\t\t\t\t\t\t<\/div>\r\n\t\t\t\t\t\t\t<div class=\"btn-view-details post-btn-readmore \">\r\n    <a href=\"https:\/\/zenar.com.tr\/index.php\/2023\/12\/20\/kamuoyu-arastirmalari\/\"\r\n      class=\"btn btn-plain-text-with-arrow\">\r\n      Devam\u0131n\u0131 Okuyun    <\/a>\r\n<\/div>\t\t\t\t<div class=\"clearfix\"><\/div>\r\n\t<\/div>\r\n<\/div>\r\n<\/article>\t\t\t\t\t<\/div>\r\n\t\t\t\t<\/div>\r\n\t\t\t\t\t\t\t\t\t\t\t\t<div class=\"isotope-item genel\">\r\n\t\t\t\t\t<div class=\"isotope-item-inner\">\r\n\t\t\t\t\t\t<article class=\"post-48303 post type-post status-publish format-standard has-post-thumbnail hentry category-genel\">\r\n\t<div class=\"blog-skin-style5\">\r\n\t\t\t<div class=\"entry-header\">\r\n\t\t\t<div class=\"post-thumb lightgallery-lightbox\">\r\n\t\t\t\t<div class=\"post-thumb-inner\">\r\n\t\t\t\t\t<div class=\"thumb\">\r\n\t\t\t\t\t\t<div class=\"post-thumb lightgallery-lightbox\">\r\n\r\n\t<div class=\"post-thumb-inner\">\r\n\t\t<div class=\"thumb\">\r\n\t\t\t<img loading=\"lazy\" decoding=\"async\" src=\"https:\/\/zenar.com.tr\/wp-content\/uploads\/2023\/01\/bg23-672x448.jpg\" width=\"672\" height=\"448\" alt=\"Psikometrik \u00d6l\u00e7\u00fcmler\"\/>\r\n\t\t<\/div>\r\n\t<\/div>\r\n\t<\/div>\t\t\t\t\t\t\t\t\t\t\t<\/div>\r\n\t\t\t\t<\/div>\r\n\t\t\t<\/div>\r\n\t\t<\/div>\r\n\t\t<div class=\"entry-content\">\r\n\t\t\t\t\t<h4 class=\"entry-title\"><a href=\"https:\/\/zenar.com.tr\/index.php\/2023\/12\/20\/psikometrik-olcumler\/\" rel=\"bookmark\">Psikometrik \u00d6l\u00e7\u00fcmler<\/a><\/h4>\t\t\r\n\t\t\r\n\t\t\t\t\t<div class=\"post-excerpt\">\r\n\t\t\t\t\t\t\t\t\t<div class=\"mascot-post-excerpt\">Psikometrik \u00f6l\u00e7\u00fcmler, bireylerin zihinsel yeteneklerini, duygusal durumlar\u0131n\u0131, ki\u015filik \u00f6zelliklerini ve di\u011fer psikolojik \u00f6zelliklerini \u00f6l\u00e7meye y\u00f6nelik yap\u0131lan testler ve<\/div>\t\t\t\t\t\t\t<\/div>\r\n\t\t\t\t\t\t\t<div class=\"btn-view-details post-btn-readmore \">\r\n    <a href=\"https:\/\/zenar.com.tr\/index.php\/2023\/12\/20\/psikometrik-olcumler\/\"\r\n      class=\"btn btn-plain-text-with-arrow\">\r\n      Devam\u0131n\u0131 Okuyun    <\/a>\r\n<\/div>\t\t\t\t<div class=\"clearfix\"><\/div>\r\n\t<\/div>\r\n<\/div>\r\n<\/article>\t\t\t\t\t<\/div>\r\n\t\t\t\t<\/div>\r\n\t\t\t\t\t\t\t\t<!-- end of the loop -->\r\n\t\t\t<\/div>\r\n\t\t<\/div>\r\n\t\t\t<\/div>\r\n\t\t\r\n\r\n\t\t<\/div>\n\t\t\t\t<\/div>\n\t\t\t\t\t<\/div>\n\t\t<\/div>\n\t\t\t\t\t\t\t<\/div>\n\t\t<\/section>\n\t\t\t\t\t\t\t<\/div>\n\t\t","protected":false},"excerpt":{"rendered":"<p>ZENAR Haberler \u00d6l\u00e7ek Geli\u015ftirme Ge\u00e7erli ve g\u00fcvenilir bilgi g\u00fc\u00e7t\u00fcr. G\u00fcn\u00fcm\u00fczde, do\u011fru bilgiye ula\u015fmada ge\u00e7erlilik ve g\u00fcvenilirlik analizleri tek ba\u015f\u0131na yeterli&#8230;<\/p>\n","protected":false},"author":1,"featured_media":0,"parent":0,"menu_order":0,"comment_status":"closed","ping_status":"closed","template":"","meta":{"footnotes":""},"class_list":["post-48484","page","type-page","status-publish","hentry"],"aioseo_notices":[],"_links":{"self":[{"href":"https:\/\/zenar.com.tr\/index.php\/wp-json\/wp\/v2\/pages\/48484","targetHints":{"allow":["GET"]}}],"collection":[{"href":"https:\/\/zenar.com.tr\/index.php\/wp-json\/wp\/v2\/pages"}],"about":[{"href":"https:\/\/zenar.com.tr\/index.php\/wp-json\/wp\/v2\/types\/page"}],"author":[{"embeddable":true,"href":"https:\/\/zenar.com.tr\/index.php\/wp-json\/wp\/v2\/users\/1"}],"replies":[{"embeddable":true,"href":"https:\/\/zenar.com.tr\/index.php\/wp-json\/wp\/v2\/comments?post=48484"}],"version-history":[{"count":16,"href":"https:\/\/zenar.com.tr\/index.php\/wp-json\/wp\/v2\/pages\/48484\/revisions"}],"predecessor-version":[{"id":48739,"href":"https:\/\/zenar.com.tr\/index.php\/wp-json\/wp\/v2\/pages\/48484\/revisions\/48739"}],"wp:attachment":[{"href":"https:\/\/zenar.com.tr\/index.php\/wp-json\/wp\/v2\/media?parent=48484"}],"curies":[{"name":"wp","href":"https:\/\/api.w.org\/{rel}","templated":true}]}}