{"id":48474,"date":"2023-12-20T19:56:13","date_gmt":"2023-12-20T16:56:13","guid":{"rendered":"http:\/\/zenar.com.tr\/?page_id=48474"},"modified":"2023-12-20T21:24:58","modified_gmt":"2023-12-20T18:24:58","slug":"psikometrik-olcumler","status":"publish","type":"page","link":"https:\/\/zenar.com.tr\/index.php\/hizmetlerimiz\/psikometrik-olcumler\/","title":{"rendered":"Psikometrik \u00d6l\u00e7\u00fcmler"},"content":{"rendered":"\t\t<div data-elementor-type=\"wp-page\" data-elementor-id=\"48474\" class=\"elementor elementor-48474\" data-elementor-post-type=\"page\">\n\t\t\t\t\t\t\t<div class=\"elementor-element elementor-element-e6b2781 e-flex e-con-boxed e-con e-parent\" data-id=\"e6b2781\" data-element_type=\"container\" data-settings=\"{&quot;content_width&quot;:&quot;boxed&quot;}\" data-core-v316-plus=\"true\">\n\t\t\t\t\t<div class=\"e-con-inner\">\n\t\t\t\t<div class=\"elementor-element elementor-element-fdec401 elementor-drop-cap-yes elementor-drop-cap-view-default elementor-widget elementor-widget-text-editor\" data-id=\"fdec401\" data-element_type=\"widget\" data-settings=\"{&quot;drop_cap&quot;:&quot;yes&quot;}\" data-widget_type=\"text-editor.default\">\n\t\t\t\t<div class=\"elementor-widget-container\">\n\t\t\t<style>\/*! elementor - v3.18.0 - 20-12-2023 *\/\n.elementor-widget-text-editor.elementor-drop-cap-view-stacked .elementor-drop-cap{background-color:#69727d;color:#fff}.elementor-widget-text-editor.elementor-drop-cap-view-framed .elementor-drop-cap{color:#69727d;border:3px solid;background-color:transparent}.elementor-widget-text-editor:not(.elementor-drop-cap-view-default) .elementor-drop-cap{margin-top:8px}.elementor-widget-text-editor:not(.elementor-drop-cap-view-default) .elementor-drop-cap-letter{width:1em;height:1em}.elementor-widget-text-editor .elementor-drop-cap{float:left;text-align:center;line-height:1;font-size:50px}.elementor-widget-text-editor .elementor-drop-cap-letter{display:inline-block}<\/style>\t\t\t\t<h3 style=\"text-align: justify;\"><span style=\"color: #96c11f;\">\u201c\u00d6l\u00e7\u00fclebilir bilgi g\u00fc\u00e7t\u00fcr\u2026\u201d<\/span><\/h3><p style=\"text-align: justify;\">Psikoloji insan davran\u0131\u015flar\u0131na y\u00f6n verir, bireyi anlamada hayati \u00f6neme sahiptir. Psikometrik \u00f6l\u00e7\u00fcmler, psikolojiyi ve insan davran\u0131\u015flar\u0131n\u0131n alt\u0131nda yatan nedenleri anlamaya y\u00f6nelik detayl\u0131 \u00f6l\u00e7\u00fcm ara\u015ft\u0131rmalar\u0131n\u0131 kapsar. <strong><span style=\"color: #339966;\">Ge\u00e7erlilik ve g\u00fcvenilirlik analizleri yap\u0131lm\u0131\u015f, yap\u0131sal e\u015fitlik modelleri ile<\/span><\/strong> <span style=\"color: #3366ff;\">do\u011frulanm\u0131\u015f psikometrik \u00f6l\u00e7ekler<\/span> ile <span style=\"color: #3366ff;\">bireysel g\u00f6r\u00fc\u015fmeleri<\/span> kapsam\u0131na alan \u00f6nemli bir ara\u015ft\u0131rma alan\u0131d\u0131r.<\/p><p style=\"text-align: justify;\">Bu kapsamda ZENAR, psikometrik \u00f6l\u00e7ekleri i\u015fe katarak psikoloji alan\u0131na veri sa\u011flamay\u0131 hedefler. Bilimsel yay\u0131nlar ile bu \u00f6l\u00e7\u00fcmleri alanyaz\u0131na katarak geni\u015f \u00e7apta bilimsel bilgi payla\u015f\u0131m\u0131na katk\u0131da bulunur. \u0130htiya\u00e7 duyulan ve talep edilen, <span style=\"color: #339966;\">psikolojik \u00f6l\u00e7\u00fcm i\u00e7eren \u00e7e\u015fitli konularda<\/span> <span style=\"color: #3366ff;\">\u00e7\u00f6z\u00fcm ortakl\u0131\u011f\u0131 sa\u011flar<\/span>; <span style=\"color: #339966;\">g\u00fcncel bak\u0131\u015f a\u00e7\u0131lar\u0131n\u0131 da dahil ederek<\/span> <span style=\"color: #3366ff;\">ara\u015ft\u0131rmalar y\u00fcr\u00fct\u00fcr<\/span> ve <span style=\"color: #3366ff;\">bilimsel ara\u015ft\u0131rma makalesine d\u00f6n\u00fc\u015ft\u00fcrerek yay\u0131nlar. <\/span><\/p>\t\t\t\t\t\t<\/div>\n\t\t\t\t<\/div>\n\t\t\t\t\t<\/div>\n\t\t\t\t<\/div>\n\t\t\t\t\t\t\t<\/div>\n\t\t","protected":false},"excerpt":{"rendered":"<p>\u201c\u00d6l\u00e7\u00fclebilir bilgi g\u00fc\u00e7t\u00fcr\u2026\u201d Psikoloji insan davran\u0131\u015flar\u0131na y\u00f6n verir, bireyi anlamada hayati \u00f6neme sahiptir. Psikometrik \u00f6l\u00e7\u00fcmler, psikolojiyi ve insan davran\u0131\u015flar\u0131n\u0131n alt\u0131nda&#8230;<\/p>\n","protected":false},"author":1,"featured_media":0,"parent":48468,"menu_order":0,"comment_status":"closed","ping_status":"closed","template":"","meta":{"footnotes":""},"class_list":["post-48474","page","type-page","status-publish","hentry"],"aioseo_notices":[],"_links":{"self":[{"href":"https:\/\/zenar.com.tr\/index.php\/wp-json\/wp\/v2\/pages\/48474","targetHints":{"allow":["GET"]}}],"collection":[{"href":"https:\/\/zenar.com.tr\/index.php\/wp-json\/wp\/v2\/pages"}],"about":[{"href":"https:\/\/zenar.com.tr\/index.php\/wp-json\/wp\/v2\/types\/page"}],"author":[{"embeddable":true,"href":"https:\/\/zenar.com.tr\/index.php\/wp-json\/wp\/v2\/users\/1"}],"replies":[{"embeddable":true,"href":"https:\/\/zenar.com.tr\/index.php\/wp-json\/wp\/v2\/comments?post=48474"}],"version-history":[{"count":22,"href":"https:\/\/zenar.com.tr\/index.php\/wp-json\/wp\/v2\/pages\/48474\/revisions"}],"predecessor-version":[{"id":48591,"href":"https:\/\/zenar.com.tr\/index.php\/wp-json\/wp\/v2\/pages\/48474\/revisions\/48591"}],"up":[{"embeddable":true,"href":"https:\/\/zenar.com.tr\/index.php\/wp-json\/wp\/v2\/pages\/48468"}],"wp:attachment":[{"href":"https:\/\/zenar.com.tr\/index.php\/wp-json\/wp\/v2\/media?parent=48474"}],"curies":[{"name":"wp","href":"https:\/\/api.w.org\/{rel}","templated":true}]}}